{"id":1161,"date":"2026-04-08T05:57:50","date_gmt":"2026-04-08T05:57:50","guid":{"rendered":"https:\/\/tavaszkert.hu\/?page_id=1161"},"modified":"2026-04-15T16:09:21","modified_gmt":"2026-04-15T16:09:21","slug":"info","status":"publish","type":"page","link":"https:\/\/tavaszkert.hu\/index.php\/info\/","title":{"rendered":"info"},"content":{"rendered":"<p>[et_pb_section fb_built=&#8221;1&#8243; fullwidth=&#8221;on&#8221; _builder_version=&#8221;4.27.4&#8243; _module_preset=&#8221;default&#8221; global_colors_info=&#8221;{}&#8221;][et_pb_fullwidth_slider _builder_version=&#8221;4.27.5&#8243; _module_preset=&#8221;default&#8221; body_font_size=&#8221;16px&#8221; custom_padding=&#8221;101px||92px|||&#8221; body_text_shadow_style=&#8221;preset2&#8243; global_colors_info=&#8221;{}&#8221;][et_pb_slide _builder_version=&#8221;4.27.5&#8243; _module_preset=&#8221;default&#8221; body_font_size=&#8221;55px&#8221; body_line_height=&#8221;1.8em&#8221; background_image=&#8221;https:\/\/tavaszkert.hu\/wp-content\/uploads\/2026\/01\/tk_26_1.jpg&#8221; background_enable_image=&#8221;on&#8221; body_font_size_tablet=&#8221;55px&#8221; body_font_size_phone=&#8221;33px&#8221; body_font_size_last_edited=&#8221;on|phone&#8221; global_colors_info=&#8221;{}&#8221; sticky_transition=&#8221;on&#8221;]<\/p>\n<p>tavaszkert D\u00edszn\u00f6v\u00e9ny 2026 Szakki\u00e1ll\u00edt\u00e1s \u00e9s V\u00e1s\u00e1r <br \/>2026. \u00e1prilis 24-26.<\/p>\n<p>[\/et_pb_slide][et_pb_slide _builder_version=&#8221;4.27.5&#8243; _module_preset=&#8221;default&#8221; body_font_size=&#8221;55px&#8221; body_line_height=&#8221;1.8em&#8221; background_image=&#8221;https:\/\/tavaszkert.hu\/wp-content\/uploads\/2026\/01\/tk_26_2.jpg&#8221; background_enable_image=&#8221;on&#8221; body_font_size_tablet=&#8221;55px&#8221; body_font_size_phone=&#8221;33px&#8221; body_font_size_last_edited=&#8221;on|phone&#8221; global_colors_info=&#8221;{}&#8221; sticky_transition=&#8221;on&#8221;]<\/p>\n<p>MATE Budai Campus<br \/>1119 Budapest, Vill\u00e1nyi \u00fat 29-43.<\/p>\n<p>[\/et_pb_slide][\/et_pb_fullwidth_slider][\/et_pb_section][et_pb_section fb_built=&#8221;1&#8243; _builder_version=&#8221;4.27.6&#8243; _module_preset=&#8221;default&#8221; global_colors_info=&#8221;{}&#8221;][et_pb_row _builder_version=&#8221;4.27.6&#8243; _module_preset=&#8221;default&#8221; global_colors_info=&#8221;{}&#8221;][et_pb_column type=&#8221;4_4&#8243; _builder_version=&#8221;4.27.6&#8243; _module_preset=&#8221;default&#8221; global_colors_info=&#8221;{}&#8221;][et_pb_text _builder_version=&#8221;4.27.6&#8243; _module_preset=&#8221;default&#8221; global_colors_info=&#8221;{}&#8221;]<\/p>\n<p><strong>NYITVATART\u00c1S<\/strong><br \/>2026. \u00e1prilis 24., p\u00e9ntek 10:00 \u2013 19:00<br \/>2026. \u00e1prilis 25., szombat 9:00 \u2013 19:00<br \/>2026. \u00e1prilis 26., vas\u00e1rnap 9:00 \u2013 18:00<\/p>\n<p><strong>BEL\u00c9P\u0150JEGY INFORM\u00c1CI\u00d3K<\/strong><br \/>napijegy: 3300 Ft<br \/>nyugd\u00edjas, di\u00e1k- \u00e9s pedag\u00f3gus jegy: 2500 Ft (\u00e9rv\u00e9nyes igazolv\u00e1nnyal)<br \/>csal\u00e1di jegy: 8500 Ft (k\u00e9t feln\u0151tt \u00e9s maximum k\u00e9t di\u00e1k r\u00e9sz\u00e9re)<br \/>csoportos jegy: 2200 Ft \/ f\u0151 (el\u0151regisztr\u00e1ci\u00f3val, 20 f\u0151 felett els\u0151bbs\u00e9gi bejut\u00e1ssal)<\/p>\n<p><strong>online jegyv\u00e1s\u00e1rl\u00e1s: <a href=\"https:\/\/www.tixa.hu\/tavaszkert2026\">https:\/\/www.tixa.hu\/tavaszkert2026<\/a><\/strong><\/p>\n<p>Fogyat\u00e9kkal \u00e9l\u0151 embert\u00e1rsaink \u00e9s egy k\u00eds\u00e9r\u0151je r\u00e9sz\u00e9re a rendezv\u00e9ny l\u00e1togat\u00e1sa ingyenes.<br \/>14 \u00e9ves kor alatti gyermekek r\u00e9sz\u00e9re a bel\u00e9p\u00e9s ingyenes.<\/p>\n<p><strong>A bel\u00e9p\u0151jegy tartalmazza:<\/strong><br \/>k\u00f6zel 100 ki\u00e1ll\u00edt\u00f3 k\u00fcl\u00f6nleges k\u00edn\u00e1lat\u00e1t,<br \/>Extr\u00e9m N\u00f6v\u00e9nyek Vil\u00e1ga Ki\u00e1ll\u00edt\u00e1s l\u00e1togat\u00e1s\u00e1t,<br \/>vezetett arbor\u00e9tumi s\u00e9t\u00e1t,<br \/>Budai Arbor Biokert magas\u00e1gy\u00e1s workshopot,<br \/>el\u0151ad\u00e1sokon val\u00f3 r\u00e9szv\u00e9telt,<br \/>ingyenes szaktan\u00e1csad\u00e1sokat,<br \/>n\u00f6v\u00e9nyv\u00e9delmi szaktan\u00e1csad\u00e1st hozott n\u00f6v\u00e9nyminta alapj\u00e1n diagn\u00f3zis \u00e9s kezel\u00e9si javaslatot (\u00e1prilis 24-\u00e9n),<br \/>tavaszkert gyerekprogramokat,<br \/>KEDVEZM\u00c9NYES V\u00c1S\u00c1RL\u00c1ST az O\u00c1ZIS \u00c1RUH\u00c1ZAK-ban,<br \/>tavaszkert KUPONF\u00dcZET kedvezm\u00e9nyeket, melyek bev\u00e1lthat\u00f3k ki\u00e1ll\u00edt\u00f3inkn\u00e1l a rendezv\u00e9ny ideje alatt, illetve az \u00e1ltaluk megadott v\u00e1s\u00e1rl\u00e1sok alkalm\u00e1val.<\/p>\n<p>P\u00c9NZT\u00c1R (k\u00e9t bej\u00e1raton), a Vill\u00e1nyi \u00fat 29-43. nagykapun\u00e1l \u00e9s a Sz\u00fcret utca fel\u0151li bej\u00e1raton. A rendezv\u00e9nyre Budai Arbor\u00e9tum szab\u00e1lyzata szerint kuty\u00e1t behozni nem lehet!<\/p>\n<p><strong>HELYSZ\u00cdN, MEGK\u00d6ZEL\u00cdT\u00c9S<\/strong><\/p>\n<p>1118. Budapest Vill\u00e1nyi \u00fat 29-43.<\/p>\n<p>Gyalogosan: 5 perces s\u00e9t\u00e1val el\u00e9rhet\u0151 a M\u00f3ricz Zsigmond k\u00f6rt\u00e9rr\u0151l.<br \/>T\u00f6megk\u00f6zleked\u00e9ssel: A B\u00e9csi \u00fat \u2013 Savoya park \u00fatvonalon k\u00f6zleked\u0151 17-es villamos Tas vez\u00e9r utcai meg\u00e1ll\u00f3j\u00e1t\u00f3l az arbor\u00e9tum bej\u00e1rata f\u00e9l perces s\u00e9t\u00e1val \u00e9rhet\u0151 el. A M\u00f3ricz Zsigmond k\u00f6rt\u00e9r \u2013 H\u0171v\u00f6sv\u00f6lgy \u00fatvonalon k\u00f6zleked\u0151 61-es villamos Tas vez\u00e9r utcai meg\u00e1ll\u00f3j\u00e1t\u00f3l az arbor\u00e9tum f\u00e9l perces s\u00e9t\u00e1val \u00e9rhet\u0151 el. A M\u00f3ricz Zsigmond k\u00f6rt\u00e9r (Vill\u00e1nyi \u00fat) \u2013 S\u00e1nc utca \u00fatvonalon k\u00f6zleked\u0151 27-es aut\u00f3busz Sz\u00fcret utcai meg\u00e1ll\u00f3j\u00e1t\u00f3l a Vill\u00e1nyi \u00fati bej\u00e1rat, M\u00e9nesi \u00fati meg\u00e1ll\u00f3j\u00e1t\u00f3l a Sz\u00fcret utcai bej\u00e1rat \u00e9rhet\u0151 el k\u00f6nnyed\u00e9n.<br \/>Aut\u00f3val megk\u00f6zel\u00edt\u00e9s a BAH csom\u00f3pont ill. M\u00f3ricz Zsigmond t\u00e9r fel\u0151l, \u00fatvonaltervez\u00e9ssel a Vill\u00e1nyi \u00fat 29. c\u00e9llal. Parkol\u00e1s a k\u00f6rnyez\u0151 utc\u00e1kban lehets\u00e9ges.<\/p>\n<p>A rendezv\u00e9nyen fot\u00f3 -\u00e9s videofelv\u00e9tel k\u00e9sz\u00fcl, a bel\u00e9p\u00e9ssel ezt elfogadottnak tekintj\u00fck.<\/p>\n<p>[\/et_pb_text][\/et_pb_column][\/et_pb_row][\/et_pb_section]<\/p>\n","protected":false},"excerpt":{"rendered":"<p>tavaszkert D\u00edszn\u00f6v\u00e9ny 2026 Szakki\u00e1ll\u00edt\u00e1s \u00e9s V\u00e1s\u00e1r 2026. \u00e1prilis 24-26.MATE Budai Campus1119 Budapest, Vill\u00e1nyi \u00fat 29-43.NYITVATART\u00c1S2026. \u00e1prilis 24., p\u00e9ntek 10:00 \u2013 19:002026. \u00e1prilis 25., szombat 9:00 \u2013 19:002026. \u00e1prilis 26., vas\u00e1rnap 9:00 \u2013 18:00 BEL\u00c9P\u0150JEGY INFORM\u00c1CI\u00d3Knapijegy: 3300 Ftnyugd\u00edjas, di\u00e1k- \u00e9s pedag\u00f3gus jegy: 2500 Ft (\u00e9rv\u00e9nyes igazolv\u00e1nnyal)csal\u00e1di jegy: 8500 Ft (k\u00e9t feln\u0151tt \u00e9s maximum k\u00e9t di\u00e1k r\u00e9sz\u00e9re)csoportos [&hellip;]<\/p>\n","protected":false},"author":1,"featured_media":0,"parent":0,"menu_order":0,"comment_status":"closed","ping_status":"closed","template":"","meta":{"_et_pb_use_builder":"on","_et_pb_old_content":"","_et_gb_content_width":"","footnotes":""},"class_list":["post-1161","page","type-page","status-publish","hentry"],"_links":{"self":[{"href":"https:\/\/tavaszkert.hu\/index.php\/wp-json\/wp\/v2\/pages\/1161","targetHints":{"allow":["GET"]}}],"collection":[{"href":"https:\/\/tavaszkert.hu\/index.php\/wp-json\/wp\/v2\/pages"}],"about":[{"href":"https:\/\/tavaszkert.hu\/index.php\/wp-json\/wp\/v2\/types\/page"}],"author":[{"embeddable":true,"href":"https:\/\/tavaszkert.hu\/index.php\/wp-json\/wp\/v2\/users\/1"}],"replies":[{"embeddable":true,"href":"https:\/\/tavaszkert.hu\/index.php\/wp-json\/wp\/v2\/comments?post=1161"}],"version-history":[{"count":8,"href":"https:\/\/tavaszkert.hu\/index.php\/wp-json\/wp\/v2\/pages\/1161\/revisions"}],"predecessor-version":[{"id":1246,"href":"https:\/\/tavaszkert.hu\/index.php\/wp-json\/wp\/v2\/pages\/1161\/revisions\/1246"}],"wp:attachment":[{"href":"https:\/\/tavaszkert.hu\/index.php\/wp-json\/wp\/v2\/media?parent=1161"}],"curies":[{"name":"wp","href":"https:\/\/api.w.org\/{rel}","templated":true}]}}