{"id":17,"date":"2024-01-21T12:29:46","date_gmt":"2024-01-21T12:29:46","guid":{"rendered":"https:\/\/tavaszkert.hu\/?page_id=17"},"modified":"2026-04-16T10:45:59","modified_gmt":"2026-04-16T10:45:59","slug":"partnerek","status":"publish","type":"page","link":"https:\/\/tavaszkert.hu\/index.php\/partnerek\/","title":{"rendered":"partnerek"},"content":{"rendered":"<p>[et_pb_section fb_built=&#8221;1&#8243; fullwidth=&#8221;on&#8221; _builder_version=&#8221;4.27.4&#8243; _module_preset=&#8221;default&#8221; global_colors_info=&#8221;{}&#8221;][et_pb_fullwidth_slider _builder_version=&#8221;4.27.5&#8243; _module_preset=&#8221;default&#8221; body_font_size=&#8221;16px&#8221; custom_padding=&#8221;101px||92px|||&#8221; body_text_shadow_style=&#8221;preset2&#8243; global_colors_info=&#8221;{}&#8221;][et_pb_slide _builder_version=&#8221;4.27.5&#8243; _module_preset=&#8221;default&#8221; body_font_size=&#8221;55px&#8221; body_line_height=&#8221;1.8em&#8221; background_image=&#8221;https:\/\/tavaszkert.hu\/wp-content\/uploads\/2026\/01\/tk_26_1.jpg&#8221; background_enable_image=&#8221;on&#8221; body_font_size_tablet=&#8221;55px&#8221; body_font_size_phone=&#8221;33px&#8221; body_font_size_last_edited=&#8221;on|phone&#8221; global_colors_info=&#8221;{}&#8221; sticky_transition=&#8221;on&#8221;]<\/p>\n<p>tavaszkert D\u00edszn\u00f6v\u00e9ny 2026 Szakki\u00e1ll\u00edt\u00e1s \u00e9s V\u00e1s\u00e1r <br \/>2026. \u00e1prilis 24-26.<\/p>\n<p>[\/et_pb_slide][et_pb_slide _builder_version=&#8221;4.27.5&#8243; _module_preset=&#8221;default&#8221; body_font_size=&#8221;55px&#8221; body_line_height=&#8221;1.8em&#8221; background_image=&#8221;https:\/\/tavaszkert.hu\/wp-content\/uploads\/2026\/01\/tk_26_2.jpg&#8221; background_enable_image=&#8221;on&#8221; body_font_size_tablet=&#8221;55px&#8221; body_font_size_phone=&#8221;33px&#8221; body_font_size_last_edited=&#8221;on|phone&#8221; global_colors_info=&#8221;{}&#8221; sticky_transition=&#8221;on&#8221;]<\/p>\n<p>MATE Budai Campus<br \/>1119 Budapest, Vill\u00e1nyi \u00fat 29-43.<\/p>\n<p>[\/et_pb_slide][\/et_pb_fullwidth_slider][\/et_pb_section][et_pb_section fb_built=&#8221;1&#8243; _builder_version=&#8221;4.24.0&#8243; _module_preset=&#8221;default&#8221; global_colors_info=&#8221;{}&#8221;][et_pb_row _builder_version=&#8221;4.27.4&#8243; _module_preset=&#8221;default&#8221; global_colors_info=&#8221;{}&#8221;][et_pb_column type=&#8221;4_4&#8243; _builder_version=&#8221;4.24.0&#8243; _module_preset=&#8221;default&#8221; global_colors_info=&#8221;{}&#8221;][et_pb_text _builder_version=&#8221;4.27.4&#8243; _module_preset=&#8221;default&#8221; text_font=&#8221;|600|||||||&#8221; text_font_size=&#8221;44px&#8221; global_colors_info=&#8221;{}&#8221;]<\/p>\n<p style=\"text-align: center;\">PARTNEREK<\/p>\n<p>[\/et_pb_text][\/et_pb_column][\/et_pb_row][et_pb_row _builder_version=&#8221;4.27.4&#8243; _module_preset=&#8221;default&#8221; global_colors_info=&#8221;{}&#8221;][et_pb_column type=&#8221;4_4&#8243; _builder_version=&#8221;4.24.0&#8243; _module_preset=&#8221;default&#8221; global_colors_info=&#8221;{}&#8221;][et_pb_text _builder_version=&#8221;4.27.6&#8243; _module_preset=&#8221;default&#8221; text_font_size=&#8221;18px&#8221; max_height=&#8221;1000px&#8221; hover_enabled=&#8221;0&#8243; global_colors_info=&#8221;{}&#8221; sticky_enabled=&#8221;0&#8243;]<\/p>\n<p><span style=\"color: #339966;\"><strong>O\u00c1ZIS KERT\u00c9SZET<\/strong><\/span><br \/><span style=\"color: #339966;\"><strong>Profi Partner Kft.<\/strong><\/span><br \/><span style=\"color: #339966;\"><strong>Kertbar\u00e1t Magazin<\/strong><\/span><br \/><span style=\"color: #339966;\"><strong>Kerti Kalend\u00e1rium<\/strong><\/span><br \/><span style=\"color: #339966;\"><strong>Exluz\u00edv Interakt\u00edv e-Magazin<\/strong><\/span><br \/><span style=\"color: #339966;\"><strong>Fesztiv\u00e1l Magazin<\/strong><\/span><br \/><span style=\"color: #339966;\"><strong>Borosty\u00e1n Kert\u00e9szet<\/strong><\/span><br \/><span style=\"color: #339966;\"><strong>Budai Arbor\u00e9tum<\/strong><\/span><br \/><span style=\"color: #339966;\"><strong>Magyar Kaktuszgy\u0171jt\u0151k Orsz\u00e1gos Egyes\u00fclete<\/strong><\/span><br \/><span style=\"color: #339966;\"><strong>F\u0151v\u00e1rosi \u00c1llat-\u00e9s N\u00f6v\u00e9nykert<\/strong><\/span><br \/><span style=\"color: #339966;\"><strong>F\u00fcv\u00e9szkert<\/strong><\/span><br \/><span style=\"color: #339966;\"><strong>Magyar D\u00edszkert\u00e9szek Szakmak\u00f6zi Szervezete<\/strong><\/span><br \/><span style=\"color: #339966;\"><strong>Magyar Orchidea T\u00e1rsas\u00e1g<\/strong><\/span><br \/><span style=\"color: #339966;\"><strong>Marczika Kert\u00e9szet,<\/strong><\/span><br \/><span style=\"color: #339966;\"><strong>Inplanted \u2013 a v\u00e1rosi dzsungel<\/strong><\/span><br \/><span style=\"color: #339966;\"><strong>Ragadoz\u00f3kert<\/strong><\/span><br \/><span style=\"color: #339966;\"><strong>Kaktusz \u00c9s Minden M\u00e1s<\/strong><\/span><\/p>\n<p><span style=\"color: #339966;\"><strong>Magyar Mad\u00e1rtani \u00e9s Term\u00e9szetv\u00e9delmi Egyes\u00fclet<\/strong><\/span><br \/><span style=\"color: #339966;\"><strong>Jane Goodall Int\u00e9zet<\/strong><\/span><br \/><span style=\"color: #339966;\"><strong>Sz\u00edvemben Sz\u00fcletett Afrika<\/strong><\/span><\/p>\n<p><span style=\"color: #339966;\"><strong>Kertbar\u00e1t Magazin<\/strong><\/span><br \/><span style=\"color: #339966;\"><strong>Kerti Kalend\u00e1rium<\/strong><\/span><br \/><span style=\"color: #339966;\"><strong>Exkluz\u00edv Interakt\u00edv e-Magazin<\/strong><\/span><br \/><span style=\"color: #339966;\"><strong>Fesztiv\u00e1l Magazin<\/strong><\/span><\/p>\n<p><span style=\"color: #339966;\"><strong><\/strong><\/span><\/p>\n<p><span style=\"color: #339966;\">\u00a0<\/span><\/p>\n<p>[\/et_pb_text][\/et_pb_column][\/et_pb_row][\/et_pb_section]<\/p>\n","protected":false},"excerpt":{"rendered":"<p>tavaszkert D\u00edszn\u00f6v\u00e9ny 2026 Szakki\u00e1ll\u00edt\u00e1s \u00e9s V\u00e1s\u00e1r 2026. \u00e1prilis 24-26.MATE Budai Campus1119 Budapest, Vill\u00e1nyi \u00fat 29-43.PARTNEREKO\u00c1ZIS KERT\u00c9SZETProfi Partner Kft.Kertbar\u00e1t MagazinKerti Kalend\u00e1riumExluz\u00edv Interakt\u00edv e-MagazinFesztiv\u00e1l MagazinBorosty\u00e1n Kert\u00e9szetBudai Arbor\u00e9tumMagyar Kaktuszgy\u0171jt\u0151k Orsz\u00e1gos Egyes\u00fcleteF\u0151v\u00e1rosi \u00c1llat-\u00e9s N\u00f6v\u00e9nykertF\u00fcv\u00e9szkertMagyar D\u00edszkert\u00e9szek Szakmak\u00f6zi SzervezeteMagyar Orchidea T\u00e1rsas\u00e1gMarczika Kert\u00e9szet,Inplanted \u2013 a v\u00e1rosi dzsungelRagadoz\u00f3kertKaktusz \u00c9s Minden M\u00e1s Magyar Mad\u00e1rtani \u00e9s Term\u00e9szetv\u00e9delmi Egyes\u00fcletJane Goodall Int\u00e9zetSz\u00edvemben Sz\u00fcletett Afrika Kertbar\u00e1t MagazinKerti Kalend\u00e1riumExkluz\u00edv [&hellip;]<\/p>\n","protected":false},"author":1,"featured_media":0,"parent":0,"menu_order":0,"comment_status":"closed","ping_status":"closed","template":"","meta":{"_et_pb_use_builder":"on","_et_pb_old_content":"<!-- wp:divi\/placeholder \/-->","_et_gb_content_width":"","footnotes":""},"class_list":["post-17","page","type-page","status-publish","hentry"],"_links":{"self":[{"href":"https:\/\/tavaszkert.hu\/index.php\/wp-json\/wp\/v2\/pages\/17","targetHints":{"allow":["GET"]}}],"collection":[{"href":"https:\/\/tavaszkert.hu\/index.php\/wp-json\/wp\/v2\/pages"}],"about":[{"href":"https:\/\/tavaszkert.hu\/index.php\/wp-json\/wp\/v2\/types\/page"}],"author":[{"embeddable":true,"href":"https:\/\/tavaszkert.hu\/index.php\/wp-json\/wp\/v2\/users\/1"}],"replies":[{"embeddable":true,"href":"https:\/\/tavaszkert.hu\/index.php\/wp-json\/wp\/v2\/comments?post=17"}],"version-history":[{"count":32,"href":"https:\/\/tavaszkert.hu\/index.php\/wp-json\/wp\/v2\/pages\/17\/revisions"}],"predecessor-version":[{"id":1266,"href":"https:\/\/tavaszkert.hu\/index.php\/wp-json\/wp\/v2\/pages\/17\/revisions\/1266"}],"wp:attachment":[{"href":"https:\/\/tavaszkert.hu\/index.php\/wp-json\/wp\/v2\/media?parent=17"}],"curies":[{"name":"wp","href":"https:\/\/api.w.org\/{rel}","templated":true}]}}